0110 - 10111000?
10101000001001101110
In base 2, what is 101100010100101011000011 - 1011?
101100010100101010111000
In base 2, what is 10010011111000110010 - -1001111?
10010011111010000001
In base 4, what is 100231 + 10213302?
10320133
In base 13, what is -2 - -6b07757?
6b07755
In base 6, what is 50420214 - -1?
50420215
In base 9, what is 457 - 338574?
-338116
In base 15, what is 618 - -d1bb3?
d22cb
In base 10, what is -76 + -154005?
-154081
In base 12, what is 1510928 + 89?
15109b5
In base 9, what is -247 - 387201?
-387448
In base 6, what is -14304551 + 221?
-14304330
In base 6, what is 11024 - 50422?
-35354
In base 5, what is -100044334 - -111?
-100044223
In base 4, what is -32111 + 2333112212?
2333020101
In base 8, what is 15 - 4523436?
-4523421
In base 13, what is 9888c20 - -2?
9888c22
In base 16, what is 1bb - -45df5?
45fb0
In base 2, what is -1 - -1110001000110000000001?
1110001000110000000000
In base 6, what is 10453025 - 4?
10453021
In base 10, what is -14526 + 183?
-14343
In base 5, what is 4 - 24332241034?
-24332241030
In base 7, what is 142052 + -13121?
125631
In base 3, what is 10021 + -110000201120?
-110000121022
In base 7, what is -2504322 - -3?
-2504316
In base 5, what is -13 - 1233022030?
-1233022043
In base 2, what is 1010 + 1010001011100010011000?
1010001011100010100010
In base 13, what is 203b - 281c?
-7b1
In base 16, what is 5 + -86979?
-86974
In base 11, what is -1163a5 + 399?
-116007
In base 15, what is -10c17 - -56?
-10bb1
In base 13, what is -547a818 + -5?
-547a820
In base 11, what is -1a27a62 + 4?
-1a27a59
In base 10, what is 102 - 897833?
-897731
In base 8, what is -637 + 17306?
16447
In base 10, what is 585994 - -1190?
587184
In base 8, what is 55 - 1537534?
-1537457
In base 11, what is 1495 + 70148?
71632
In base 9, what is -1087486 - 5?
-1087502
In base 3, what is -10 - -120100222122?
120100222112
In base 12, what is -74 - -11949a3?
119492b
In base 12, what is -30b7 + -1434?
-452b
In base 2, what is 111110000101 - 110011000110?
1010111111
In base 6, what is 441240452 - -5?
441240501
In base 7, what is -260622 - 132?
-261054
In base 8, what is -6537 - -563537?
555000
In base 6, what is 211152323 - -5?
211152332
In base 15, what is -1 - cceda54?
-cceda55
In base 11, what is 85061198 - 5?
85061193
In base 2, what is 111000110100 - 1000110011?
110000000001
In base 5, what is 1111 + 144244400?
144301011
In base 16, what is 5 + 17e406a?
17e406f
In base 8, what is 3146467 - 54?
3146413
In base 16, what is -20eb42bc + 0?
-20eb42bc
In base 7, what is -5416225 + -13?
-5416241
In base 14, what is -130cd + -69?
-13158
In base 13, what is -ac259c7 + 1?
-ac259c6
In base 6, what is -323241043 + 20?
-323241023
In base 4, what is 3 + 1122230320021?
1122230320030
In base 14, what is -4b3c0 - 2?
-4b3c2
In base 10, what is 304707 - 83?
304624
In base 3, what is 20102 - 122222012022?
-122221221220
In base 4, what is -231 + -331103?
-332000
In base 4, what is -321010201200 - 10?
-321010201210
In base 5, what is 14112 + 2333040?
2402202
In base 10, what is 31 - -48478?
48509
In base 2, what is -10000111101110110101 - 1101?
-10000111101111000010
In base 2, what is 10110011 - 1010011001100110101011?
-1010011001100011111000
In base 16, what is 59a9 - 9d?
590c
In base 8, what is 3340634 + -66?
3340546
In base 6, what is -32125 + -34235?
-110404
In base 14, what is 11 + 55c3c?
55c4d
In base 12, what is a944 + 8a1b?
17763
In base 6, what is -32050 + -12521?
-45011
In base 3, what is -101101020110201 + 21?
-101101020110110
In base 11, what is 3221852 - 7?
3221846
In base 8, what is -1 + -10445350?
-10445351
In base 11, what is -12219 - 59907?
-71025
In base 4, what is -313120302 + -300?
-313121202
In base 12, what is -64828 - 128?
-64954
In base 11, what is 310847 + 269?
311005
In base 11, what is 26 + -198412?
-198397
In base 14, what is -83 + 393114?
393071
In base 13, what is -23581 - -188c?
-219c2
In base 14, what is -626 - -14c3?
c9b
In base 8, what is 205 - -14617570?
14617775
In base 8, what is -5 - 5474375?
-5474402
In base 14, what is -3dada2 - -4dd?
-3da8a3
In base 5, what is -1400331 + 1103240?
-242041
In base 7, what is -16500 + 64164?
44364
In base 11, what is 16 + -1a493a0?
-1a49385
In base 15, what is dbd696 - -41?
dbd6d7
In base 10, what is -11724 - -4807?
-6917
In base 6, what is -150533 - 1505210?
-2100143
In base 5, what is 224 + 21002323?
21003102
In base 8, what is -673 - -124744?
124051
In base 3, what is -21 + 1111112120201?
1111112120110
In base 15, what is -17c6 - -9b1?
-d15
In base 5, what is -1210430 - 103004?
-1313434
In base 6, what is 100234315 - 0?
100234315
In base 11, what is -310 + -21192?
-214a2
In base 6, what is -5 - -450010321?
450010312
In base 12, what is -73b0ba57 - 5?
-73b0ba60
In base 3, what is 2012212001 + -100202001?
1212010000
In base 8, what is -10755430 + 64?
-10755344
In base 7, what is 6430010565 + 1?
6430010566
In base 10, what is 2 + -42112838?
-42112836
In base 12, what is -103565 + -9?
-103572
In base 14, what is -231 - -88a0?
866d
In base 12, what is -6757 + b?
-6748
In base 9, what is 4 + -7111613?
-7111608
In base 9, what is -213523477 + 4?
-213523473
In base 5, what is -420 + 241302240?
241301320
In base 3, what is 201011222102100 + -22?
201011222102001
In base 10, what is 13 - 6087345?
-6087332
In base 7, what is 253 + 1041336?
1041622
In base 8, what is -12 + -75747027?
-75747041
In base 12, what is -1562 - -224a4?
20b42
In base 7, what is -1 - 101332150?
-101332151
In base 9, what is 212 - -838181?
838403
In base 10, what is 42 + -189228?
-189186
In base 6, what is 1041 + 15103225?
15104310
In base 11, what is 100420 - 1?
10041a
In base 14, what is 6 - 106a324?
-106a31c
In base 11, what is -152261 + 193?
-152079
In base 16, what is 8af2 - 3d0?
8722
In base 5, what is 111243 + 11042?
122340
In base 12, what is -17a1374 - -32?
-17a1342
In base 2, what is 11011110 + -11010011010100000101?
-11010011010000100111
In base 4, what is 2222123330112 + 0?
2222123330112
In base 7, what is -2200 + -21113?
-23313
In base 10, what is 8 + 6309399?
6309407
In base 12, what is -169485 + -10a?
-169593
In base 9, what is 1134846 + 4?
1134851
In base 16, what is -a00 - -f2a4?
e8a4
In base 8, what is -1311 + -11273?
-12604
In base 6, what is 0 + 3133532000?
3133532000
In base 3, what is 1010100010112 + 12?
1010100010201
In base 9, what is 17207 - 135?
17062
In base 12, what is 203374a2 + 0?
203374a2
In base 2, what is -110100110111000101011110111 + 11?
-110100110111000101011110100
In base 14, what is b39660 - -8?
b39668
In base 11, what is -30a4 + -2712?
-5806
In base 11, what is 1a + -620023a?
-6200220
In base 7, what is -5 + 3355455265?
3355455260
In base 7, what is 2061356 + -4?
2061352
In base 15, what is -2 + -86852a?
-86852c
In base 3, what is -102110001 - -1121200?
-100211101
In base 8, what is -5 + -25136312?
-25136317
In base 7, what is 25 + 30103126?
30103154
In base 13, what is 22023 + -658?
21698
In base 12, what is -1343 + -1a832?
-1bb75
In base 12, what is -a19 + -31a1a?
-32837
In base 12, what is -1b6b827 - 0?
-1b6b827
In base 2, what is -101011111000001000101011 - -101?
-101011111000001000100110
In base 8, what is -116174214 - -5?
-116174207
In base 11, what is -91 - 52367?
-52448
In base 12, what is -7575391 - 0?
-7575391
In base 14, what is -222d + 67a3?
4574
In base 2, what is 10100 + 1011101111110101100110011?
1011101111110101101000111
In base 11, what is -63 + -128065?
-128118
In base 5, what is -111212442341 + -4?
-111212442400
In base 4, what is -102311303 - 1113?
-102313022
In base 13, what is -1768 - -5c92?
4527
In base 7, what is 24313105 + 0?
24313105
In base 9, what is -441524 - 17?
-441542
In base 5, what is 33041020243 - -1?
33041020244
In base 14, what is -258225 + 49?
-2581ba
In base 15, what is -26c8 - 603?
-2ccb
In base 13, what is -5c81 - 25270?
-2b221
In base 10, what is -35618597 - 5?
-35618602
In base 5, what is -1320 + -1410024110?
-1410030430
In base 8, what is 2 - -66100072?
66100074
In base 5, what is 120432 + 432202?
1103134
In base 4, what is -10 - -2113221002032?
2113221002022
In base 11, what is -6364 - -31a5?
-316a
In base 10, what is 1869 - -655?
2524
In base 8, what is 46075 + -604?
45271
In base 10, what is 53 - 2464301?
-2464248
In base 4, what is 102